{"id":43,"date":"2021-12-09T12:01:25","date_gmt":"2021-12-09T11:01:25","guid":{"rendered":"https:\/\/lesamisdelatour.fr\/?page_id=43"},"modified":"2022-02-25T15:56:08","modified_gmt":"2022-02-25T14:56:08","slug":"le-donjon","status":"publish","type":"page","link":"https:\/\/lesamisdelatour.fr\/index.php\/histoire-et-patrimoine\/le-donjon\/","title":{"rendered":"Le Donjon"},"content":{"rendered":"\t\t<div data-elementor-type=\"wp-page\" data-elementor-id=\"43\" class=\"elementor elementor-43\" data-elementor-post-type=\"page\">\n\t\t\t\t\t\t<section class=\"elementor-section elementor-top-section elementor-element elementor-element-65a17f70 elementor-section-full_width elementor-section-height-default elementor-section-height-default\" data-id=\"65a17f70\" data-element_type=\"section\" data-settings=\"{&quot;background_background&quot;:&quot;classic&quot;}\">\n\t\t\t\t\t\t<div class=\"elementor-container elementor-column-gap-no\">\n\t\t\t\t\t<div class=\"elementor-column elementor-col-100 elementor-top-column elementor-element elementor-element-61b4c456\" data-id=\"61b4c456\" data-element_type=\"column\" data-settings=\"{&quot;background_background&quot;:&quot;classic&quot;}\">\n\t\t\t<div class=\"elementor-widget-wrap elementor-element-populated\">\n\t\t\t\t\t\t<div class=\"elementor-element elementor-element-50b9b68c elementor-widget elementor-widget-heading\" data-id=\"50b9b68c\" data-element_type=\"widget\" data-widget_type=\"heading.default\">\n\t\t\t\t<div class=\"elementor-widget-container\">\n\t\t\t<style>\/*! elementor - v3.19.0 - 05-02-2024 *\/\n.elementor-heading-title{padding:0;margin:0;line-height:1}.elementor-widget-heading .elementor-heading-title[class*=elementor-size-]>a{color:inherit;font-size:inherit;line-height:inherit}.elementor-widget-heading .elementor-heading-title.elementor-size-small{font-size:15px}.elementor-widget-heading .elementor-heading-title.elementor-size-medium{font-size:19px}.elementor-widget-heading .elementor-heading-title.elementor-size-large{font-size:29px}.elementor-widget-heading .elementor-heading-title.elementor-size-xl{font-size:39px}.elementor-widget-heading .elementor-heading-title.elementor-size-xxl{font-size:59px}<\/style><h2 class=\"elementor-heading-title elementor-size-default\">Le Donjon<\/h2>\t\t<\/div>\n\t\t\t\t<\/div>\n\t\t\t\t\t<\/div>\n\t\t<\/div>\n\t\t\t\t\t<\/div>\n\t\t<\/section>\n\t\t\t\t<section class=\"elementor-section elementor-top-section elementor-element elementor-element-76e47f0a elementor-reverse-mobile elementor-section-boxed elementor-section-height-default elementor-section-height-default\" data-id=\"76e47f0a\" data-element_type=\"section\">\n\t\t\t\t\t\t<div class=\"elementor-container elementor-column-gap-default\">\n\t\t\t\t\t<div class=\"elementor-column elementor-col-50 elementor-top-column elementor-element elementor-element-4e25f0b5\" data-id=\"4e25f0b5\" data-element_type=\"column\" data-settings=\"{&quot;background_background&quot;:&quot;classic&quot;}\">\n\t\t\t<div class=\"elementor-widget-wrap elementor-element-populated\">\n\t\t\t\t\t\t<div class=\"elementor-element elementor-element-3c026434 elementor-widget elementor-widget-text-editor\" data-id=\"3c026434\" data-element_type=\"widget\" data-widget_type=\"text-editor.default\">\n\t\t\t\t<div class=\"elementor-widget-container\">\n\t\t\t<style>\/*! elementor - v3.19.0 - 05-02-2024 *\/\n.elementor-widget-text-editor.elementor-drop-cap-view-stacked .elementor-drop-cap{background-color:#69727d;color:#fff}.elementor-widget-text-editor.elementor-drop-cap-view-framed .elementor-drop-cap{color:#69727d;border:3px solid;background-color:transparent}.elementor-widget-text-editor:not(.elementor-drop-cap-view-default) .elementor-drop-cap{margin-top:8px}.elementor-widget-text-editor:not(.elementor-drop-cap-view-default) .elementor-drop-cap-letter{width:1em;height:1em}.elementor-widget-text-editor .elementor-drop-cap{float:left;text-align:center;line-height:1;font-size:50px}.elementor-widget-text-editor .elementor-drop-cap-letter{display:inline-block}<\/style>\t\t\t\t<p>Sur la haute motte \u00e9difi\u00e9e autour de l&rsquo;an mille par les premiers seigneurs de Sainte-S\u00e9v\u00e8re-sur-Indre, un ch\u00e2teau en pierre succ\u00e9da aux premi\u00e8res fortifications en bois, vraisemblablement au cours du 13\u00e8me si\u00e8cle. Symbole de la domination du seigneur sur la ville et sur la seigneurie, la \u00ab\u00a0Tour des Fiefs\u00a0\u00bb constitua aussi l&rsquo;\u00e9l\u00e9ment cl\u00e9 des fortifications de la ville et du ch\u00e2teau, dominant en \u00e0-pic la vall\u00e9e de l&rsquo;Indre.<br \/><br \/>C&rsquo;est dans cette tour que tent\u00e8rent de se replier les Anglais lors de l&rsquo;assaut donn\u00e9 par les troupes du roi de France, en 1372. Le trouv\u00e8re Cuvelier, contemporain des \u00e9v\u00e8nements, parle ainsi plusieurs fois du \u00ab\u00a0donjon\u00a0\u00bb et du ch\u00e2teau qui l&rsquo;entourait, avec des murs \u00ab\u00a0de trente pieds\u00a0\u00bb de hauteur. Au 16\u00e8me si\u00e8cle, Jean Chaumeau, un historien du Berry, d\u00e9crit \u00e9galement \u00abla tour fort \u00e9lev\u00e9e\u00bb, construite en forme de donjon, dont l&rsquo;apparence \u00ab donne assez d&rsquo;elle-m\u00eame id\u00e9e de son antiquit\u00e9 \u00bb.<br \/><br \/>A partir du 16\u00e8me si\u00e8cle, la tour et le ch\u00e2teau contigu n&rsquo;\u00e9tant plus habit\u00e9s par les seigneurs, d&rsquo;autres fonctions lui furent d\u00e9volues: une horloge y fut install\u00e9e d\u00e8s cette \u00e9poque, un pigeonnier y fut ensuite am\u00e9nag\u00e9, avant que la tour n&rsquo;h\u00e9berge un temps les cloches de la ville, au 18\u00e8me si\u00e8cle. Une moiti\u00e9 de la tour, dont les murs sont peu \u00e9pais, s&rsquo;effondra vers 1840, et un autre pan tomba vers 1900, conf\u00e9rant au monument l&rsquo;aspect si particulier que nous lui connaissons aujourd&rsquo;hui. George Sand en a fait la description dans ses Promenades autour d&rsquo;un village, soulignant son aspect \u00e9vocateur pour l&rsquo;imagination, tandis que son fils Maurice la dessinait avec la porte de la ville.<\/p><p>Ce haut pan de donjon, dominant aujourd&rsquo;hui le village de Sainte-S\u00e9v\u00e8re-sur-Indre et la vall\u00e9e de l&rsquo;Indre, conf\u00e8re beaucoup de charme et de pittoresque \u00e0 la physionomie du village, lorsqu&rsquo;on le d\u00e9couvre en venant des routes de Boussac, de Pouligny-Notre-Dame ou de Genouillac.<\/p><p>Sans elle, Sainte-S\u00e9v\u00e8re-sur-Indre ne serait plus tout \u00e0 fait ce village charmant qui retient l&rsquo;attention du visiteur<\/p>\t\t\t\t\t\t<\/div>\n\t\t\t\t<\/div>\n\t\t\t\t\t<\/div>\n\t\t<\/div>\n\t\t\t\t<div class=\"elementor-column elementor-col-50 elementor-top-column elementor-element elementor-element-48903181\" data-id=\"48903181\" data-element_type=\"column\" data-settings=\"{&quot;background_background&quot;:&quot;classic&quot;}\">\n\t\t\t<div class=\"elementor-widget-wrap elementor-element-populated\">\n\t\t\t\t\t\t<div class=\"elementor-element elementor-element-65bfdfeb elementor-widget elementor-widget-image\" data-id=\"65bfdfeb\" data-element_type=\"widget\" data-widget_type=\"image.default\">\n\t\t\t\t<div class=\"elementor-widget-container\">\n\t\t\t<style>\/*! elementor - v3.19.0 - 05-02-2024 *\/\n.elementor-widget-image{text-align:center}.elementor-widget-image a{display:inline-block}.elementor-widget-image a img[src$=\".svg\"]{width:48px}.elementor-widget-image img{vertical-align:middle;display:inline-block}<\/style>\t\t\t\t\t\t\t\t\t\t<img fetchpriority=\"high\" decoding=\"async\" width=\"206\" height=\"350\" src=\"https:\/\/lesamisdelatour.fr\/wp-content\/uploads\/2022\/01\/62.jpg\" class=\"attachment-large size-large wp-image-247\" alt=\"\" srcset=\"https:\/\/lesamisdelatour.fr\/wp-content\/uploads\/2022\/01\/62.jpg 206w, https:\/\/lesamisdelatour.fr\/wp-content\/uploads\/2022\/01\/62-177x300.jpg 177w\" sizes=\"(max-width: 206px) 100vw, 206px\" \/>\t\t\t\t\t\t\t\t\t\t\t\t\t<\/div>\n\t\t\t\t<\/div>\n\t\t\t\t<div class=\"elementor-element elementor-element-67a8fc21 elementor-widget elementor-widget-google_maps\" data-id=\"67a8fc21\" data-element_type=\"widget\" data-widget_type=\"google_maps.default\">\n\t\t\t\t<div class=\"elementor-widget-container\">\n\t\t\t<style>\/*! elementor - v3.19.0 - 05-02-2024 *\/\n.elementor-widget-google_maps .elementor-widget-container{overflow:hidden}.elementor-widget-google_maps .elementor-custom-embed{line-height:0}.elementor-widget-google_maps iframe{height:300px}<\/style>\t\t<div class=\"elementor-custom-embed\">\n\t\t\t<iframe loading=\"lazy\"\n\t\t\t\t\tsrc=\"https:\/\/maps.google.com\/maps?q=rue%20emile%20chenon%2036160%20Sainte-S%C3%A9v%C3%A8re&#038;t=m&#038;z=19&#038;output=embed&#038;iwloc=near\"\n\t\t\t\t\ttitle=\"rue emile chenon 36160 Sainte-S\u00e9v\u00e8re\"\n\t\t\t\t\taria-label=\"rue emile chenon 36160 Sainte-S\u00e9v\u00e8re\"\n\t\t\t><\/iframe>\n\t\t<\/div>\n\t\t\t\t<\/div>\n\t\t\t\t<\/div>\n\t\t\t\t<div class=\"elementor-element elementor-element-62b74ae9 elementor-widget elementor-widget-spacer\" data-id=\"62b74ae9\" data-element_type=\"widget\" data-widget_type=\"spacer.default\">\n\t\t\t\t<div class=\"elementor-widget-container\">\n\t\t\t<style>\/*! elementor - v3.19.0 - 05-02-2024 *\/\n.elementor-column .elementor-spacer-inner{height:var(--spacer-size)}.e-con{--container-widget-width:100%}.e-con-inner>.elementor-widget-spacer,.e-con>.elementor-widget-spacer{width:var(--container-widget-width,var(--spacer-size));--align-self:var(--container-widget-align-self,initial);--flex-shrink:0}.e-con-inner>.elementor-widget-spacer>.elementor-widget-container,.e-con>.elementor-widget-spacer>.elementor-widget-container{height:100%;width:100%}.e-con-inner>.elementor-widget-spacer>.elementor-widget-container>.elementor-spacer,.e-con>.elementor-widget-spacer>.elementor-widget-container>.elementor-spacer{height:100%}.e-con-inner>.elementor-widget-spacer>.elementor-widget-container>.elementor-spacer>.elementor-spacer-inner,.e-con>.elementor-widget-spacer>.elementor-widget-container>.elementor-spacer>.elementor-spacer-inner{height:var(--container-widget-height,var(--spacer-size))}.e-con-inner>.elementor-widget-spacer.elementor-widget-empty,.e-con>.elementor-widget-spacer.elementor-widget-empty{position:relative;min-height:22px;min-width:22px}.e-con-inner>.elementor-widget-spacer.elementor-widget-empty .elementor-widget-empty-icon,.e-con>.elementor-widget-spacer.elementor-widget-empty .elementor-widget-empty-icon{position:absolute;top:0;bottom:0;left:0;right:0;margin:auto;padding:0;width:22px;height:22px}<\/style>\t\t<div class=\"elementor-spacer\">\n\t\t\t<div class=\"elementor-spacer-inner\"><\/div>\n\t\t<\/div>\n\t\t\t\t<\/div>\n\t\t\t\t<\/div>\n\t\t\t\t\t<\/div>\n\t\t<\/div>\n\t\t\t\t\t<\/div>\n\t\t<\/section>\n\t\t\t\t<\/div>\n\t\t","protected":false},"excerpt":{"rendered":"<p>Le Donjon Sur la haute motte \u00e9difi\u00e9e autour de l&rsquo;an mille par les premiers seigneurs de Sainte-S\u00e9v\u00e8re-sur-Indre, un ch\u00e2teau en pierre succ\u00e9da aux premi\u00e8res fortifications en bois, vraisemblablement au cours du 13\u00e8me si\u00e8cle. Symbole de la domination du seigneur sur la ville et sur la seigneurie, la \u00ab\u00a0Tour des Fiefs\u00a0\u00bb constitua aussi l&rsquo;\u00e9l\u00e9ment cl\u00e9 des [&hellip;]<\/p>\n","protected":false},"author":1,"featured_media":0,"parent":39,"menu_order":1,"comment_status":"closed","ping_status":"closed","template":"elementor_header_footer","meta":{"footnotes":""},"_links":{"self":[{"href":"https:\/\/lesamisdelatour.fr\/index.php\/wp-json\/wp\/v2\/pages\/43"}],"collection":[{"href":"https:\/\/lesamisdelatour.fr\/index.php\/wp-json\/wp\/v2\/pages"}],"about":[{"href":"https:\/\/lesamisdelatour.fr\/index.php\/wp-json\/wp\/v2\/types\/page"}],"author":[{"embeddable":true,"href":"https:\/\/lesamisdelatour.fr\/index.php\/wp-json\/wp\/v2\/users\/1"}],"replies":[{"embeddable":true,"href":"https:\/\/lesamisdelatour.fr\/index.php\/wp-json\/wp\/v2\/comments?post=43"}],"version-history":[{"count":31,"href":"https:\/\/lesamisdelatour.fr\/index.php\/wp-json\/wp\/v2\/pages\/43\/revisions"}],"predecessor-version":[{"id":538,"href":"https:\/\/lesamisdelatour.fr\/index.php\/wp-json\/wp\/v2\/pages\/43\/revisions\/538"}],"up":[{"embeddable":true,"href":"https:\/\/lesamisdelatour.fr\/index.php\/wp-json\/wp\/v2\/pages\/39"}],"wp:attachment":[{"href":"https:\/\/lesamisdelatour.fr\/index.php\/wp-json\/wp\/v2\/media?parent=43"}],"curies":[{"name":"wp","href":"https:\/\/api.w.org\/{rel}","templated":true}]}}